its digit of g(q)?
2
Let y(b) = 2*b**2 + 11*b + 7. Let g be y(-5). Suppose 0 = -2*v + 7*v. Suppose v = g*f + 3*f - 35. What is the units digit of f?
7
Let h be 3/(2 - 2/4). Suppose 3*p - 12 = h*r + 3*r, 2*p - 8 = 5*r. Suppose -2*l - l + 3*o + 15 = r, -3*l + 5*o + 15 = 0. What is the units digit of l?
5
Suppose 2*t - 3 - 19 = 0. Let x(m) = m**2 - 10*m + 7. What is the tens digit of x(t)?
1
Let x be 2/(-7) + 65/7. Suppose 2*q = -k - 5, -4*k + x = -7*k - 4*q. What is the units digit of k?
1
Suppose -5*u + 17 = -3*g, 0 = 2*g + g + 12. Suppose -11 - u = -a. What is the tens digit of a?
1
Let h(x) = -x**2 - 8*x - 4. Let u be h(-7). Suppose -w - 1 = -f - 3, 4*f + 8 = -u*w. Suppose w = -4*b + 8. What is the units digit of b?
2
Let z(w) = -7*w**3 + w**2 - w - 1. Suppose 3*j = 15, -7 = c - 2*j + 3. Suppose 3*a - a + 2 = c. What is the units digit of z(a)?
8
Let i = -3 + 4. Suppose i = -3*u - 3*j + 7, 0 = -3*u + 4*j + 13. What is the units digit of u?
3
Suppose 4*p + 14 = 2. What is the units digit of p - 1/((-4)/88)?
9
Suppose -p = 4*m - 16, -2*m = -5*p - 0*m + 36. What is the units digit of -4 + (p - (2 + -4))?
6
Let x(l) = -l**2 - 2*l + 1. Let s(i) = -2*i**2 - 5*i + 1 + 4 - 3. Let b(u) = 2*s(u) - 5*x(u). What is the units digit of b(3)?
8
Let x(d) = 19*d + 1. What is the units digit of x(1)?
0
Let y = 45 - 17. What is the tens digit of y?
2
Let p(x) = -16*x + 3. What is the tens digit of p(-4)?
6
Suppose 2*f - 6 + 0 = -3*v, 5*f = -5*v + 5. What is the units digit of (-2)/(-3) + (-4)/f?
2
Let a be 21/4 - (-2)/(-8). Let w = 27 - 4. Let l = w - a. What is the units digit of l?
8
Let q = -22 - -13. Suppose 0*n = 5*n + 5. What is the units digit of (q - n)/(0 + -2)?
4
What is the units digit of 7250/35 + (-2)/14?
7
Let n(c) = c**2 - 5*c - 10. Let d be n(10). Let s = d - 20. What is the tens digit of s?
2
What is the tens digit of -1*219/(-3)*1?
7
Let z(p) = -p**3 - 9*p**2 - p + 11. Let j be z(-9). Suppose 0 = 8*s - 3*s - j. Suppose s*g = -2*h + 36, 0*h + 3*g + 9 = 3*h. What is the units digit of h?
8
Let f = -18 - -15. What is the tens digit of f/5 - (-98)/5?
1
Let q be 4/(-14) + 232/28. Let h(g) = -g**2 + 8*g + 1. Let l be h(6). Let k = l - q. What is the units digit of k?
5
Suppose -s + 1272 = -3*s. What is the units digit of (-2)/15 + s/(-45)?
4
Suppose 2*n = -3*n - b - 55, -20 = -4*b. Let g = n - -40. What is the tens digit of g?
2
Let l(a) = a**3 - 7*a**2 + 7*a - 1. Let x be l(6). Let c = -1 - -1. Let t = x - c. What is the units digit of t?
5
Let v(k) = -k**2 + 5*k - 2. Let c be v(3). Let g be (14/(-6))/(c/12). What is the units digit of (3 + g)*(-3 + 1)?
8
Let d(w) = w**2 - 2*w + 3. Let m be d(2). Let h = -1 + 1. Suppose -l - 3*j + 5 = h, m*j - 7 = -2*l - 0. What is the units digit of l?
2
Let y be (1*-1)/((-14)/140). Let f(k) = -k. Let x be f(0). Suppose x = 5*o - y*o + 30. What is the units digit of o?
6
Suppose 5*y + 35 = -0*y. What is the units digit of (-9)/y + 12/(-42)?
1
Let m = 13 - -25. What is the units digit of m?
8
Let p be 8/(-6)*15/(-10). Suppose 0 = -4*n - 3*y + 38, 0 = 3*n - 7*y + p*y - 14. What is the units digit of n?
8
Let v(c) = 6*c + 12. What is the units digit of v(7)?
4
Suppose -7 - 13 = -5*j. What is the units digit of j?
4
What is the tens digit of 36/1 + 15 + -11?
4
Let f(a) = -a**3 + 6*a**2 + a - 4. Suppose 25 = 3*d + 2*d. What is the tens digit of f(d)?
2
Let f be (-1 - (-9 + 1)) + -2. Suppose -z + 4*t = f*t - 28, -5*t + 15 = 0. What is the tens digit of z?
2
Suppose 62 = 7*z - 442. What is the tens digit of z?
7
Suppose -2 = -5*g + 38. What is the units digit of g?
8
Suppose -2*o = -28 - 14. What is the tens digit of o?
2
Suppose 0 = -5*j + 115 - 50. Suppose 3*k - 32 + j = 2*t, t = -k + 3. What is the units digit of k?
5
Suppose -5*s = -2*s + 12. What is the tens digit of -94*((-27)/6 - s)?
4
Let c(r) = 4*r - 15. What is the tens digit of c(11)?
2
Let u = -84 + 152. Suppose -65 = -4*s + 5*t, -2*t = -3*s + u - 14. What is the tens digit of s?
2
Let r be 3/(1 + -7)*0. Let x be r/1 - -2 - -59. Suppose 0 = 4*d - x + 13. What is the tens digit of d?
1
Suppose -2*u - 47 = -181. Suppose -3*l = -2 - u. What is the units digit of l?
3
Let q be 11 - (-5 + 2)/(-3). Let h = q + 0. What is the tens digit of h?
1
Suppose 7 + 40 = z. Let a = -17 + z. What is the units digit of a?
0
Let j(n) = -n**2 + n - 4. Let l(b) = 4*b**2 - 4*b + 13. Let w(f) = 7*j(f) + 2*l(f). What is the tens digit of w(4)?
1
Let k = -21 - -13. Let m = 19 + k. Suppose g + 3*x = -0*x + 7, 0 = 3*g - x - m. What is the units digit of g?
4
Let s(q) = 2*q**2 - 3*q - 5. Let w be (-1 - -2)/(4/16). What is the tens digit of s(w)?
1
Suppose -p + 3 + 9 = -3*r, 4 = 5*p - r. Suppose p = -0*o - 3*o + 6. Suppose -o*y = y - 21. What is the units digit of y?
7
Let m(f) = f**2 - 6*f + 8. Let l be m(5). Suppose 4*t = -2*c - c + 30, -t = l*c - 3. What is the units digit of t?
9
Let w(b) = b + 5. Let r be w(-8). Suppose -2*v = f - 3, -5*v - 53 = -4*f + f. Let m = f + r. What is the units digit of m?
8
Let z(o) = 40*o - 1. What is the tens digit of z(1)?
3
What is the units digit of (-1)/4 - 410/(-8)?
1
Let j = 96 - 39. What is the units digit of j?
7
Let z = -76 + 412. What is the tens digit of z?
3
Let s = 56 - 30. What is the units digit of s?
6
Let y(i) = -i**3 - 3*i**2 - 4*i - 3. Let g(x) = x**3 - x**2 - 2. Let b be g(2). Suppose -b*f + 0 - 4 = 0. What is the units digit of y(f)?
1
Let s = 5 + -2. What is the units digit of 2 + (2 - s) + 1?
2
Suppose 70 = -5*n + 5*y + 275, -y = 3*n - 135. What is the units digit of n?
4
Let r(n) = -n + 4. Let y be -3 + 2 + 1 + 0. Let b be r(y). Suppose -4*f - 10 = 2*u, -u + b*f = 4*u - 31. What is the units digit of u?
3
Let f = 221 + -68. What is the units digit of f?
3
Let w be (-1)/(-3*(-2)/42). Let t = w + 31. Suppose -16 = -h - 2*m + 5*m, -4*h + t = -2*m. What is the units digit of h?
4
What is the units digit of (-9)/(-6)*(1 + 1148/12)?
5
Let b = 9 - -48. Suppose -b = -2*t - 5*o, -3*t - t = o - 87. What is the units digit of t?
1
Let p = 43 - 24. Let r = 34 - p. What is the tens digit of r?
1
Let t be (19/(-5))/((-2)/10). Let n = 65 - t. What is the tens digit of n?
4
Suppose 3*c + 33 = -5*m + 2*c, -3*c - 21 = 2*m. Let z = 11 + m. Suppose 2*w + z*a + 12 + 1 = 0, -4*a + 4 = 4*w. What is the units digit of w?
6
Let l(w) = -2*w**2 - 4*w + 1. Let j be l(-5). Let k = -9 - j. What is the tens digit of k?
2
Let j = 5 + -9. Let q = 5 + j. What is the units digit of q*8*(-9)/(-6)?
2
Let x(y) = -69*y + 4. What is the units digit of x(-2)?
2
Let c(k) = -15*k + 4. What is the units digit of c(-2)?
4
What is the units digit of 4 + 125/(-30) + (-602)/(-12)?
0
Let x = -5 - -12. Let v = -13 + x. Let q = 10 + v. What is the units digit of q?
4
Suppose 0 = 3*n - 4*i + i - 285, -4*n + 3*i = -379. What is the units digit of n?
4
Suppose -3*x = -2*m - 3, -5*x - 2*m - 3*m + 30 = 0. Suppose d - 12 = x*d. Let q = d - -19. What is the units digit of q?
3
Let c(p) be the second derivative of p**4/24 + 13*p**3/6 + p**2/2 - p. Let l(b) be the first derivative of c(b). What is the units digit of l(-7)?
6
Suppose 0 = 5*i - 6 - 9. Let q = 1 - -1. Suppose -q = 2*k - f - i, -f = 4*k - 17. What is the units digit of k?
3
Let g(j) = -j**3 + 4*j**2 - 2*j - 2. Suppose 4*h - 4 = 2*l - 0, -2*h = -3*l + 2. Let v be g(l). Let f(d) = 2*d**3 - 2*d**2 - 1. What is the units digit of f(v)?
7
Suppose 0 = -l + 1 + 1. Suppose -l*q - 4 = -6*q. What is the units digit of q?
1
Suppose -2*i = 6 + 6. Let z be i/21 + (-4)/(-14). Let m = z - -3. What is the units digit of m?
3
Suppose -3*g + 15 = 0, 0*g - 18 = 2*n + 2*g. Let c = n - -31. What is the units digit of c?
7
Suppose -5 = -3*s - 281. Let c = s + 130. What is the units digit of c?
8
What is the tens digit of (-218)/6*4/((-28)/21)?
0
Suppose -17 = 9*f - 10*f. What is the units digit of f?
7
What is the units digit of 6/27 - 50/(-18)?
3
Let d(u) = 5*u + 1 + 6*u - 3*u. What is the units digit of d(1)?
9
Suppose -2*n = 2*n - 84. What is the units digit of n/((-3)/(-1)) - 1?
6
Let h(c) = c**3 - 8*c**2 + 2*c - 6. What is the units digit of h(8)?
0
Let c(z) = -z**3 - 2*z**2 + 1. What is the units digit of c(-2)?
1
Let k(z) = 5*z**2 - 4*z - 4*z**2 - 20 + 15. What is the tens digit of k(8)?
2
Let j = -29 + 83. What is the units digit of j?